the tens digit of w(-13)?
5
Let j(g) = 218*g**2 - 15*g + 14. Let k be j(5). Suppose k - 1703 = 19*y. What is the tens digit of y?
9
Suppose v + 6*i - i - 21 = 0, -3*i + 15 = v. Suppose -3*o + 165 = -v. What is the tens digit of o?
5
Let h = 4 - -3. Let b(u) = -4 + 7*u - h*u - 8*u. What is the tens digit of b(-3)?
2
Let b = -26 - -26. Let v(q) = -q**3 + q**2 - 2*q + 140. What is the units digit of v(b)?
0
Let b = -77 + 39. Let m = 20 + b. Let p = 60 + m. What is the units digit of p?
2
Let c = -5 - -9. Suppose 9*r - 308 = 43. Suppose 2*o + r = x, -2*o + 6 = c. What is the tens digit of x?
4
What is the thousands digit of -621*(12/(-18) + -2)?
1
Let u = -5 + 11. Let v(n) = 21*n - 7. Let s be v(u). Suppose -5*d - 4*p = -385, 4*p + s = 2*d - 35. What is the units digit of d?
7
Suppose 6*o = o + 1685. Let a = o + -118. What is the units digit of a?
9
Suppose 0 = 2*p - 6*v + v - 7451, 3*v + 14867 = 4*p. What is the thousands digit of p?
3
Let n(z) = -10*z + 6. Let c = -14 - -10. What is the tens digit of n(c)?
4
Let m(a) = -2*a**3 + a**2 - a - 2. Let x = -7 + 6. Let u be m(x). Suppose -2*q + 33 = i, 4*i - 93 = u*q + 89. What is the tens digit of i?
4
Suppose -1376 = -21*j + 8620. What is the tens digit of j?
7
Suppose 0 = 3*y - 2*m + 10, -y - 3*m - 1 + 5 = 0. Let n be 2 + (-2 - y) + -518. What is the tens digit of n/(-26) - 20/(-130)?
2
Let x = 103 - 3. What is the tens digit of x?
0
Let k be (-3)/(12/16*-1). Suppose -v - k = -29. What is the tens digit of v?
2
Let n(h) = 3*h**2 + 2*h - 3. Let d be n(-3). Suppose 0 = -c - 2*c - d. What is the units digit of (-8)/4*75/c?
5
Let j(n) be the third derivative of n**6/120 + n**5/5 + n**4/3 + 13*n**3/6 + 49*n**2. What is the hundreds digit of j(-8)?
2
Suppose 5 = 3*r - 7. Suppose 16 = 4*j, j + 6 = -2*m + r*j. What is the units digit of 33/m + 1*2?
3
Suppose -5*y + 26019 = 3684. What is the hundreds digit of y?
4
Let d be ((-5269)/22)/(2*(-1)/(-8)). What is the tens digit of d/(-18) + (-22)/99?
5
Let x(v) = -3*v + 0*v - v**2 - v - v - 2. Let s be x(-6). What is the units digit of ((-52)/s)/((-1)/(-2))?
3
Let k(r) = r**3 - 10*r**2 + 13*r + 29. What is the units digit of k(12)?
3
Let y(b) = -2*b + 10. Let p be y(5). Let a be 3/(2/28 - p). What is the units digit of (-1)/(-3) - a/(-9)?
5
Let q be ((-32)/(-20))/(3/15). Let f be (4/(-5))/(q/(-60)). Suppose -7*d + f*d + 24 = 0. What is the tens digit of d?
2
Let z(q) = q**3 + 9*q**2 - q - 9. Let k be z(-9). Suppose -4*u + 80 + 104 = k. Let b = 90 - u. What is the units digit of b?
4
Let d = 49 + -47. What is the tens digit of d/(-4)*1 - 244/(-8)?
3
Let l = -174 + 668. What is the tens digit of l?
9
What is the units digit of (-480)/100*(-740)/6?
2
Let k(n) = 3*n**2 - 5*n - 10. What is the units digit of k(-2)?
2
Let c(k) = -k**3 + 7*k**2 - k + 7. Let w be c(7). Suppose 4*z = 4*j - w*z - 48, j - 20 = 3*z. Suppose -44 = 4*a - j*a. What is the tens digit of a?
1
Let h be 0/((-3)/(-1)) - -8. Let m be 20/8*h/(-10). Let y(o) = -2*o - 2. What is the units digit of y(m)?
2
Let n(h) = -66*h**2 + 67*h**2 + 2*h + 0*h + 0*h - 3. What is the units digit of n(-12)?
7
What is the hundreds digit of (-39)/(-234) - (-5753)/6?
9
Let m be 6*6/14*7. Let b = m - -8. What is the tens digit of b + 6 + -1 + -1?
3
Suppose 13*u = 19*u - 1152. What is the hundreds digit of u?
1
Let y(w) = -w**3 - 12*w**2 + 9*w - 136. What is the hundreds digit of y(-22)?
5
What is the tens digit of 4/(-30) + 1834854/2205?
3
Let l = 693 + -697. Let p(z) be the third derivative of z**5/60 + 2*z**3/3 + z**2. What is the tens digit of p(l)?
2
Let a(t) = -t**3 + 9*t**2 - 6*t + 2. Let m(u) = 2*u**2 - 13*u + 10. Let r be m(6). Let j(z) = -z**2 + 6*z - 2. Let s be j(r). What is the units digit of a(s)?
4
Suppose 15*o = 65 + 40. Let n(s) = -10 + 0*s + 5*s - 10. What is the tens digit of n(o)?
1
Suppose -3*p + 6*t - 20 = t, 4*p - 8 = -2*t. Suppose p = -12*a + 605 + 2887. What is the units digit of a?
1
Let c be 0/4 + 3 + 57. Suppose -10*f = -5*f - c. Suppose -17*b = -f*b - 115. What is the tens digit of b?
2
Let t(q) = 2*q**2 + 19*q + 8. What is the hundreds digit of t(-15)?
1
What is the tens digit of (11 + -3 + -9)*-555?
5
Suppose -3186 = -3*x - 3*z, 2*x - 2*z + 517 = 2629. What is the thousands digit of x?
1
Suppose -730 = -2*o - 4*v, 0 = 5*o + 2*v - 1412 - 397. What is the tens digit of o?
6
Let j = 18 - 20. Let o be 1/2 - 7/j. Suppose -5*r + 0*z + o*z = -157, r = -2*z + 37. What is the units digit of r?
3
Suppose -58*x - 840 = -70*x. What is the tens digit of x?
7
Suppose 3*k - 2*b = k + 7536, -4*k + 15040 = 4*b. What is the thousands digit of k?
3
Let t(v) be the first derivative of -v**4/4 - v**3 + 3*v**2 + 7*v - 14. What is the tens digit of t(-6)?
7
Suppose 5*j + 2*w - 1623 = 0, j + w - 21 - 306 = 0. What is the tens digit of j?
2
Suppose 11*x - 6*x = 20. Suppose -4*y + 169 + 127 = -2*f, -x*f = -4*y + 296. What is the tens digit of y?
7
Suppose 5*s = -4 + 14. Let a(o) = o**3 + 53 + 6*o**2 - 12*o**2 + 6*o**s. What is the tens digit of a(0)?
5
Let i be 3/(-3) - 1 - -2. Suppose k + i*l = -3*l + 1, -l = -2*k - 12. Let p(y) = -2*y + 5. What is the units digit of p(k)?
5
Let k(j) = -j**2 - j + 466. What is the tens digit of k(0)?
6
Let o = 1529 + -413. What is the thousands digit of o?
1
Let x be (4/3)/(-4 + 112/24). Suppose -x*a + 5*a - 198 = 0. What is the units digit of a?
6
Suppose 3*d = -5*k + 1275, -4*d + 340 = 2*k - 156. What is the hundreds digit of k?
2
Let k(f) = 7*f**3 + 2*f**2 + 5*f - 17. What is the tens digit of k(4)?
8
Suppose -26405 + 1749 = -8*p. What is the thousands digit of p?
3
Let f = 0 - 4. Let a(h) = -2*h - 3. Let c be a(f). Suppose -c*g = -10, y + 2*g = 3*g + 27. What is the tens digit of y?
2
Let m = 221 - 41. What is the hundreds digit of m?
1
Let y(r) = -43*r - 95. What is the tens digit of y(-10)?
3
Let w(g) = -g**3 - 2*g**2 + 2*g + 5. Let y be w(0). Let c(k) = 57*k**2. Let v be c(-1). Suppose y*t - v - 118 = 0. What is the units digit of t?
5
Let x = -80 - -83. Suppose 117 = x*t - 72. What is the units digit of t?
3
Let b(u) be the second derivative of 0 - 1/2*u**3 + 6*u + 1/2*u**2. What is the units digit of b(-3)?
0
Suppose -5*d + 21 = -4. Suppose -2*v - 8 = -0, 0 = 4*y - d*v - 40. What is the units digit of y?
5
What is the tens digit of ((-161)/42 - -4) + 2117/6?
5
Let p(b) = -32*b**3 + b**2 - b - 1. Let y be p(-1). Let d = 359 - 177. Suppose -5*h + d = -y. What is the units digit of h?
3
Let w be (-54)/(-4)*(-4)/(-6). What is the units digit of (966/w)/7*3?
6
Suppose -429 = -6*g + 105. What is the units digit of g?
9
Let v = -1 - -10. Let y(z) = 35*z**3 + z**2 - 3*z + 2. Let b be y(1). Let c = b + v. What is the tens digit of c?
4
Let x be (0 + -17)*(-10 + 11). Let o = 14 + x. What is the units digit of o/(-4) + (-1788)/(-48)?
8
Let d be (918/45)/(3/100). Suppose -5*l + l = -d. What is the tens digit of l?
7
Let x(o) = o**2 - 2*o + 4. Let a be x(0). What is the tens digit of 1*a*(-85)/(-20)?
1
Let h = 21 - 17. Suppose m = -h*m + 20. Let q(y) = 11*y + 7. What is the tens digit of q(m)?
5
What is the hundreds digit of (-11748)/(-24) - -3*2/(-12)?
4
What is the tens digit of ((-6)/9)/(16/(-33360))?
9
Let h(x) = -61*x + 57. What is the units digit of h(-4)?
1
Let v be (6/(-15))/(-2 - 9/(-5)). Let t(i) be the first derivative of 9*i**2/2 - 2. What is the tens digit of t(v)?
1
Let w(q) = -q - 7. Let g be w(-10). What is the tens digit of g/((-6)/2) + 100?
9
Suppose 11*t = -m + 6*t + 458, -3*m + 3*t + 1392 = 0. What is the tens digit of m?
6
Let a(w) = 5*w + 2 - 5 - 4*w - 1. Let d be a(5). What is the tens digit of (d - 47)*(-6)/12?
2
Suppose 0 = -5*g - 84 - 456. What is the tens digit of (-3)/4 - 14985/g?
3
What is the tens digit of 197*((-410)/(-18) + (-50)/(-225))?
3
Let x = 35 - -416. What is the tens digit of x?
5
Let j be 19 - (4 - 2) - -2. Suppose -21*a = -j*a - 4. Suppose -8 = -2*y - a*g + 8, -y + 5*g - 16 = 0. What is the units digit of y?
4
Let n be (-1)/(-4) + (-17633)/(-28). Suppose 0 = -7*d + 2*d + n. Suppose -l = -4*l + d. What is the units digit of l?
2
Let h be -2*(-4)/24 + 2291/3. Suppose 246 + 62 = 2*f + 2*w, 0 = 5*f + 3*w - h. What is the hundreds digit of f?
1
Suppose -8*a = -14*a. What is the tens digit of a + 4 - (-3 + -77)?
8
Suppose -5*p - 716 = 2*m, 4*p + 2